 h - 2*y = -3*h + 410. What are the prime factors of h?
3, 5, 7
Let v(x) = -x**3 - 11*x**2 + 13*x + 17. Let z be v(-12). Suppose 4*c = z*q + 277, 3*c = -4*q + 2*q + 179. Let n = c + -40. What are the prime factors of n?
23
Let j be (-10)/8*-29 - (-3)/(-12). Suppose 13*m = 11*m + j. List the prime factors of m.
2, 3
Let h = 38370 + -24117. List the prime factors of h.
3, 4751
List the prime factors of (-8)/(48/(-126522)) - (-9)/((-9)/7).
2, 5, 17, 31
Suppose 0 = -93*v + 90*v - 5*w + 34882, -w - 46563 = -4*v. What are the prime factors of v?
103, 113
What are the prime factors of ((-2)/10 - (-187602)/10) + 270/(-54)?
5, 11, 31
Let s = -30936 + 38889. List the prime factors of s.
3, 11, 241
Let w(a) = -248*a + a**3 - a**2 + 0 - 2*a**3 - 21 + 43*a**2. What are the prime factors of w(34)?
3, 5, 53
Let n = 1251 - -6. What are the prime factors of n/(-1)*2*(-4)/24?
419
Suppose -18*w + 3*w - 660 = 0. Let n = w - -106. What are the prime factors of n?
2, 31
Suppose -3*g = v - 0*g - 3, 4*v + g = 1. Let t(a) = -4 + 4 + v + a + 2. List the prime factors of t(0).
2
Let c(s) = -s + 19. Let l be c(7). Suppose -l = 3*d, 4*d = j + 2*j - 64. List the prime factors of 56/j*(13 + 1).
7
Suppose -2 - 2 = 2*h. Let f(x) = -18*x**2 - 12*x - 5. Let g(j) = -j. Let s(k) = -f(k) + 5*g(k). What are the prime factors of s(h)?
3, 7
Let z(x) = 176*x - 39 + 14*x - 171 + 513. What are the prime factors of z(5)?
7, 179
Suppose 0 = t + 2*f, t - f - 27 = -3*t. Let d be (-6)/36 + 67/t. Let u(q) = 2*q**2 - 12*q + 11. What are the prime factors of u(d)?
11
Suppose -115 + 3 = -4*f. Let a = 87 + f. Suppose 0 = 2*l + 7 - a. List the prime factors of l.
2, 3
Let j(i) = -22*i - 21. Suppose -3*s - 28 = s. What are the prime factors of j(s)?
7, 19
Let w(j) = -j**3 - 141*j**2 - 453*j + 1561. What are the prime factors of w(-138)?
53, 131
Let k(d) = d**2 - 2*d - 1. Let j(b) = -8*b**2 + 8*b - 12. Let u(c) = j(c) + 10*k(c). List the prime factors of u(-2).
2, 5
Let k = -63 + 126. Suppose 108 = 65*n - k*n. List the prime factors of ((-162)/12)/((-3)/n).
3
Let z(h) = -5*h - 2. Let k be (-4)/6*108/(-24). Suppose -r + 5*m - k = m, -5*r - 51 = -2*m. What are the prime factors of z(r)?
53
Let i be (-5)/(-2)*(-40)/(-25). Suppose -8*c = -i*c - 4204. List the prime factors of c.
1051
Let r(y) = -y**3 + 2*y**2 - 39*y - 136. List the prime factors of r(-10).
2, 727
Suppose 2*h - 8 = 22. Let y be 20/15 - h/(-9). Let a(q) = q - 1. What are the prime factors of a(y)?
2
Suppose -3*g + 4021 = 1564. List the prime factors of g.
3, 7, 13
Suppose -w - 2*z = 108, -4*w + 3*z - 311 - 77 = 0. Let p = w + 99. What are the prime factors of 1/(-1 + (-2)/p) - -49?
2, 5
Suppose -p + 5*x = -187, p + 3*p + 5*x = 773. Let z = p - 46. Suppose z = 3*k - k. What are the prime factors of k?
73
Let j(w) = 466*w - 1548. List the prime factors of j(37).
2, 7, 19, 59
Suppose -3*m + 0*j + 4068 = -5*j, -3*j = -3*m + 4068. What are the prime factors of (-1)/(18/m)*-3?
2, 113
Let b be 2/15 + (-299360)/(-300). Suppose 5*l = -2*m + 490, 0 = -3*m + 7*m + l - b. What are the prime factors of m?
2, 5
Let u(o) be the third derivative of 13*o**6/720 - o**5/15 - o**4 - 20*o**2. Let q(m) be the second derivative of u(m). List the prime factors of q(7).
83
List the prime factors of -8 - 1335/(-2)*(-544)/(-48).
3, 11, 229
Suppose -2*q - 31682 = -2*r - 0*q, 4*r + 4*q - 63404 = 0. What are the prime factors of (-12)/(-40)*2 + r/15?
7, 151
Let o = -25 + 29. Suppose o = 3*p + 43. What are the prime factors of (-1765)/(-65) + 2/p?
3
Let z(m) be the first derivative of 2*m**3/3 + 3*m**2/2 + 4*m + 15. List the prime factors of z(-2).
2, 3
Let n be -5*(-5)/25*6. Suppose 4*g + n = -2*t + 32, 0 = -t - 1. List the prime factors of (-7826)/52*(-4)/g.
2, 43
Let x(q) = -6*q**2 - 28*q + 3. Let k be x(-9). Let p = k + 403. What are the prime factors of p?
2, 43
Suppose -6*m + 950 = -16*m. Let u = m - -106. What are the prime factors of 8 - u/((-33)/(-6))?
2, 3
Let h be 1/1 - (4 + 49). Let f = 10 - h. Let n = f - 32. List the prime factors of n.
2, 3, 5
Let r(y) = 2417*y**2 - 116*y - 349. List the prime factors of r(-3).
2, 2719
Suppose -953*w + 540 = -951*w. Let s(t) = -47*t - 4. Let g be s(3). Let q = w + g. What are the prime factors of q?
5
Let t(i) = 1286*i**3 + 23*i**2 - 54*i - 61. What are the prime factors of t(3)?
2, 7, 37, 67
Let d be (-2)/14 + (-10644)/(-28). Suppose d = 9*p - 1915. List the prime factors of p.
3, 5, 17
Suppose -23*v + 43698 = -323727. List the prime factors of v.
3, 5, 71
Let n(r) = r - 2. Let g be n(5). Suppose -2*i = -6*i - 3*q + 9, 2*i - 3 = -g*q. Suppose -3*w = -i*u + 15, 4*w - 4 = 3*u - 14. What are the prime factors of u?
2, 5
What are the prime factors of ((-10464510)/(-66))/7 - (4 - 50/11)?
22651
Let j(h) = -h**2 - 8*h - 4. Let a be j(-4). Suppose -5*n = -3*n - a. What are the prime factors of 522/5 + n/10?
3, 5, 7
Suppose 0*x - 40 = -5*x. Suppose -x = -5*m + 7. Suppose -2*w - 2*w + 2*o + 114 = 0, -m*w + 90 = -3*o. List the prime factors of w.
3
Let v(l) = 21*l**2 - 13*l + 9. Let o be 6 - (-2 - (-9)/(36/16)). What are the prime factors of v(o)?
293
Suppose 0 = 9*r - 14*r. Suppose -4*x - 162 + 654 = r. List the prime factors of x.
3, 41
Let y(f) be the second derivative of 103*f**3/6 + 57*f**2/2 + 17*f. List the prime factors of y(10).
1087
Let d be (-4)/(-14) + (-12148)/(-14). Suppose -d = 13*a + a. List the prime factors of 3/(-3)*(a - (0 - 3)).
59
Let g be (-2)/15 + (-184)/(-30). Let p(t) = 6*t - 3 + 13 + 7*t - 4*t. What are the prime factors of p(g)?
2
Let n(h) = h**2 - 2*h + 2. Let t be n(3). Suppose -7*m = -t*b - 3*m + 1244, -5*m - 5 = 0. List the prime factors of b.
2, 31
Let z be ((-5)/(-30) - 22/24)*-4. Let d be ((-2)/z)/((-4)/18). Suppose -513 = -4*l + j, -d*j + j - 642 = -5*l. What are the prime factors of l?
2
Let o(j) = 15*j**2 - 3*j - 9. Let r be o(15). Suppose -r = 3*u - 12*u. What are the prime factors of u?
3, 41
Suppose 0 = b + 4*b - b. Let i be 0 + b + (-1 - 2). List the prime factors of ((-318)/9)/(5/i + 1).
53
Suppose -2664 = -62*z + 54*z. Suppose 5*u + z = -4*p + 1494, -2*p = u - 579. List the prime factors of p.
17
Let j(i) = -6*i**3 - 6*i**2 + 53*i - 24. What are the prime factors of j(-16)?
2, 17, 163
Suppose 6*g - 4*g = -2*u - 8732, -3*g = -5*u + 13058. Let f = -3101 - g. Suppose -27*l = -20*l - f. List the prime factors of l.
2, 3, 5
Suppose -3*r = -6*r - 807. Suppose 3*o - 7*o + 3*b = 470, -3*o = -5*b + 358. Let g = o - r. List the prime factors of g.
3, 17
Let d(m) = -183*m - 25. Let a be d(-4). Let b = 1215 - a. What are the prime factors of b?
2, 127
Suppose 5*f - 337697 = -9*n + 13*n, 5*f + n = 337657. List the prime factors of f.
3, 22511
Suppose -4189 - 227 = -24*c. Let d = -143 + c. List the prime factors of d.
41
What are the prime factors of (28/6)/(369/1730241)?
2, 3, 7, 521
Let p(a) be the second derivative of a**4/3 - 11*a**3/3 + 39*a**2 + 108*a. List the prime factors of p(10).
2, 3, 43
Suppose 21*i - 20*i = 5*h + 2858, -i = h - 2882. List the prime factors of i.
2, 1439
Let y be 14234/330 - (-3 - (-141)/45). Let n(d) = -4*d**2 + d - 1. Let k be n(3). List the prime factors of 17/k - y/(-2).
3, 7
Suppose -b - 21922 = -3*p - 2083, 3*p - 19845 = 3*b. Suppose 0 = -22*v + p + 2012. What are the prime factors of v?
2, 7
Suppose -a + 13*a = 60. List the prime factors of (164/a)/(-4*(-8)/240).
2, 3, 41
Suppose 0 = -8*n + 9*n - 3. What are the prime factors of 98 + ((-1)/(-1) - n)?
2, 3
Let t(m) = m + 2. Let f(z) = 6*z + 8. Let q(x) = -f(x) - 6*t(x). What are the prime factors of q(-20)?
2, 5, 11
Suppose 3*h = x + 5 + 15, -2*h - 10 = 4*x. Suppose -4*d - h*i + 2969 = 0, -2*d + 4*i - 7*i = -1485. What are the prime factors of d?
3, 13, 19
Let k = 77 - 71. Suppose -f + 5*u = f + 9, 2*f = 2*u + k. Suppose -10*d + f*d + 264 = 0. What are the prime factors of d?
2, 3, 11
Suppose -5*l + 77 = -3*w - 43, 0 = w + 5. Suppose -3*d = -15 + l. What are the prime factors of (d + 4/3)/(17/(-4284))?
2, 3, 7
Let v(t) = 2*t + 24. Let s = -16 - -6. Let z be v(s). Suppose 0 = z*p + 3*k - 0*k - 287, -5*k - 279 = -4*p. What are the prime factors of p?
71
Suppose 5*q + 6 = 8*q. Let d be q/(-5) + 1542/30. Let g = d + -46. What are the prime factors of g?
5
List the prime factors of 1313 + 1 + (4/26)/((-40)/(-1300)).